*x + 10 = i. What is the units digit of i?
2
Let o be 16/12*(-3)/(-2). Suppose 60 = -o*t + 7*t. What is the tens digit of t?
1
Let b(u) = u**2 + 6*u - 6. Let w be b(-8). Let k be 29 - (1 + 2) - 1. Suppose w*m = 5*m + k. What is the units digit of m?
5
Let b = -3 + 8. Suppose 3*g - g = y + 5, -25 = b*y. Let f = 4 + g. What is the units digit of f?
4
Let g = -37 + 14. Let o = 46 + g. What is the units digit of o?
3
Let j = -33 + 58. What is the units digit of j?
5
Suppose 2*m = 4 + 18. Suppose b + 3*o - m = -b, 20 = -4*o. What is the units digit of b?
3
Let b = 28 + 26. Suppose w = 3*w + b. Let v = -15 - w. What is the units digit of v?
2
Let f(n) = -n**3 - n**2 + n + 4. What is the tens digit of f(-6)?
7
What is the units digit of 1*-3*(-3)/(-18)*-154?
7
Let s = 9 - -4. What is the units digit of ((-1)/(-2))/(s/1534)?
9
Let r(d) = d**2 - d + 2. Let t be r(0). Suppose -t*n - 3*a = -6*a - 42, -2*a - 22 = -n. Let s = 26 - n. What is the units digit of s?
8
Let t(d) = -d**3 - 4*d**2 + 4*d + 4. Let v be t(-5). Let c be -6 - (-3 + (1 - 0)). Let i = c + v. What is the units digit of i?
5
Suppose 69*c = 71*c - 392. What is the units digit of c?
6
Let g(l) = -l**3 + 8*l**2 + 2*l - 8. Let t = -8 + 8. Suppose -4*y - 3*o + 34 + 7 = t, y + o = 11. What is the units digit of g(y)?
8
Let w = -67 + 115. What is the units digit of w?
8
Suppose f + 0*f = -11. Let r be (2*f/(-2))/(-1). Let u = -6 - r. What is the units digit of u?
5
Suppose -2*r = -41 - 97. Suppose 25 + r = 4*m - 2*i, 2*i = 5*m - 118. What is the units digit of m?
4
Let x = 73 + -18. What is the tens digit of x?
5
Let c be 0*(2 + (-15)/6). Suppose c = -p + 3*d - 66, 4*p + 278 = -4*d + 2*d. What is the units digit of p/(-12) - (-4)/16?
6
Let o(y) be the second derivative of y**4/6 - 2*y**3/3 - 5*y. What is the tens digit of o(-3)?
3
Suppose 6*b - 5*b = 7. What is the units digit of b?
7
Let a = -323 + 456. What is the tens digit of a?
3
Let b(f) = -13*f + 4. What is the units digit of b(-5)?
9
Let l(n) = n**3 + 7*n**2 + 5*n - 4. Let a be l(-6). Let q be 2/3 - a/(-6). What is the units digit of ((-6)/(-10))/(q/15)?
9
Suppose -648 = -2*z - 10*z. What is the tens digit of z?
5
Let r(l) = -l + 9. Let n be r(6). Suppose 56 = n*a + 17. Suppose h - 31 = 2*u - a, 2*h - 12 = -2*u. What is the tens digit of h?
1
Suppose -4*z + z = -3*y + 573, -z + 5 = 0. What is the hundreds digit of y?
1
Let j be (-114)/(-10) + (-9)/(-15). Suppose j = m - 0*m. What is the units digit of m?
2
Suppose -102 = -5*m + 2*m. What is the tens digit of m?
3
Let x(b) = -b**2 - 9*b + 13. Suppose 4 = u, 4*w = 2*w + 4*u - 32. What is the tens digit of x(w)?
2
Suppose d - 19 = 41. What is the tens digit of d?
6
Suppose 3*z + 5 = 2, z - 7 = -4*a. Suppose 2*m + 5*v = 6*m + 25, -5*m - 27 = -a*v. Let f(s) = -s**3 - 4*s**2 + 3*s - 2. What is the units digit of f(m)?
8
Suppose x + 4*m + 3 = 0, 2*m + 2*m + 28 = 4*x. Suppose -x*w + 89 = -36. What is the tens digit of w?
2
Let f(u) be the first derivative of -u**4/4 + u**2/2 + 21*u + 1. Suppose 2*r + w + 0*w + 5 = 0, -15 = 3*r + 3*w. What is the units digit of f(r)?
1
Let o(a) = 2*a**2 + 11*a + 17. What is the tens digit of o(-11)?
3
Suppose 11*n = 16*n - 175. What is the tens digit of n?
3
What is the units digit of (1/3)/(3 - (-3580)/(-1194))?
9
Let p(g) = 10*g - 33. What is the tens digit of p(8)?
4
Suppose -177 = -b - 2*y, 2*b - 102 - 237 = -y. What is the tens digit of b?
6
Let u(y) = y**2 + 4*y + 3. Let o = -19 - -31. Suppose 2*n + n + o = 0. What is the units digit of u(n)?
3
Let y(f) = -7*f - 1. Let u be y(-1). Let m = -1 + u. Suppose 6*d - 2*d - 10 = 2*p, m*d = p + 11. What is the units digit of d?
2
Suppose -2*w - 3*r - 2 = 3*w, w - 4*r = 18. Let o = -10 + 18. Suppose h - w*h + o = 0. What is the units digit of h?
8
Let x(l) = 0*l + l**3 + 5 + 4*l + 3*l**2 + 2*l**2. Let b be x(-4). Suppose -26 = -5*i - b*m + 39, 19 = 2*i - 5*m. What is the units digit of i?
2
Suppose 6*v - 4*v - 158 = 0. What is the units digit of v?
9
Let z = 0 + -5. Let t(h) = -3*h - 1. Let x be t(z). Suppose x*f = 9*f + 105. What is the units digit of f?
1
Let o(a) = a**2 + 12*a + 12. Let w be o(-11). Let s(k) = -12*k**2 + 1. Let p be s(w). Let t = -7 - p. What is the units digit of t?
4
Suppose 4*s + h = 11 + 7, 2*h - 4 = 0. Suppose -s = 5*i - 3*i. Let a(q) = q**3 + 3*q**2 - q - 2. What is the units digit of a(i)?
4
Suppose -3*t + 0*j = -2*j - 412, -2*t = -j - 276. What is the tens digit of t?
4
Suppose -3*j = -5*j + 20. Let d(z) = -z + 11. What is the units digit of d(j)?
1
Suppose -2*c + 41 = 2*j - c, -2*c = 2*j - 44. What is the tens digit of j?
1
Let k be 14 + 0 - (4 - 4). What is the tens digit of (-14)/49 - (-508)/k?
3
Let a(g) = -4*g**2 + 3 + 3*g**2 + 0. Let k be a(4). Let b = -8 - k. What is the units digit of b?
5
Suppose 4*b + 5 = 5*t + 2, 24 = 4*b + 4*t. Suppose 0*c - 6 = -b*c. Suppose -f = c*f - 6. What is the units digit of f?
2
Let z = 65 + -44. What is the tens digit of z?
2
Let w be 1*(3 + -2) + 3. Suppose -s + 1 = -0, 0 = 3*o - w*s + 16. Let a = -3 - o. What is the units digit of a?
1
Let b be (-6)/10 - 12/5. What is the units digit of 5*(-3)/(0 + b)?
5
Suppose -2*u = -5*c + 581, 4*c = 5*u + 456 + 19. What is the units digit of c?
5
Let b(n) = -n**3 - 4*n**2 + 4. Let f be b(-4). Suppose z - 2*z - 18 = -4*t, 2*t - f = -2*z. What is the units digit of z + 5 + (0 - 1)?
2
Suppose 4*o - 129 - 27 = 0. Suppose -3*k + o = -2*k + 5*t, -k - 6 = -4*t. What is the tens digit of k?
1
Let n(q) = 0*q + 2*q - 2 - q + 1. Let h be (9/(-6))/((-3)/6). What is the units digit of n(h)?
2
Suppose 0 = -4*o + o - 99. Let y = 54 + o. What is the units digit of y?
1
Let j(f) = f**3 - 8*f**2 - 5*f + 4. Let z(r) = -r**2 + 1. Let x(t) = -j(t) + 5*z(t). What is the units digit of x(4)?
5
Let g be ((-23)/(-3))/((-3)/(-9)). Let f = 44 - g. What is the units digit of ((-21)/(-9) + -2)*f?
7
Let q(n) = 3*n**3 - 2*n - 1. Let i be q(-1). What is the units digit of (-32)/(-18) - i/9?
2
Let h(i) = -i**2 + 6*i - 3. Let v be h(5). Let t = -3 - v. Let d = 15 + t. What is the tens digit of d?
1
Let p = 4 - 6. Let d be p/4 + (-145)/10. What is the units digit of -2 - (0 + d/1)?
3
Suppose v + 3*v - 24 = 0. Suppose 2*z = 24 - v. What is the units digit of z?
9
Suppose 15 = i + 4*i. Let u be 2/i*-3*1. Let h = 18 - u. What is the tens digit of h?
2
Let s = -12 - -58. What is the units digit of s?
6
Let z = -14 + 35. Suppose k - 4*k = -z. What is the units digit of k?
7
Let w = -6 - -7. What is the units digit of 12 - (w + -1 + 0)?
2
Let k(u) = -2*u - 17. What is the tens digit of k(-14)?
1
Let v(z) = -4*z - 1. Let g be v(1). Let b(p) = -2*p**3 + 5*p**2 - p + 2*p**3 + p**3. What is the units digit of b(g)?
5
Suppose -4*t + 4 = 0, -3*t + 0*t = -l - 6. Let a = l + 3. Suppose -4*q = -5*o + 15 + 26, 5*o + 2*q - 47 = a. What is the units digit of o?
9
Suppose 0 = -4*t + 5*j + 416, 2*t = 6*t + 4*j - 380. What is the tens digit of t?
9
Let t(k) = 7 + k**3 + 7*k**3 - k**2 - 7*k**3. What is the units digit of t(0)?
7
Suppose p + 18 = 4*p. What is the units digit of (p - 0)/(8/12)?
9
Let q(c) = -c**3 + 10*c**2 + 12*c - 9. Let x be q(11). Let i be (-3)/x*60/(-18). Suppose 13 = -k - i*d, 3*k = -5*d - 7 + 18. What is the units digit of k?
2
Let c(y) = 4*y - 5. Let x be c(6). Suppose x - 7 = 2*b. What is the units digit of b?
6
Suppose -8*l = -3*l - 25. What is the units digit of l/(40/(-14) + 3)?
5
Let h(i) = 2*i + 7. What is the tens digit of h(11)?
2
Suppose 25 = -4*r - 51. Suppose -u = 11 + 27. Let t = r - u. What is the units digit of t?
9
Let z = -33 - -172. What is the hundreds digit of z?
1
Suppose -5*n = -2*n - 15, 3*n - 20 = -b. Suppose -b*d - 4*s + 2*s + 48 = 0, 4*d - 28 = s. What is the units digit of d?
8
Let j = 5 + 2. Let x = 25 - j. Let i = x + -11. What is the units digit of i?
7
Suppose -4*a + 442 = -2*n + 7*n, -5*n + 226 = 2*a. What is the hundreds digit of a?
1
What is the units digit of 36/18*(-71)/(-2)?
1
Let q(z) = -z**3 - 2*z**2 - 10*z - 2. What is the tens digit of q(-4)?
7
Suppose -7 = -6*r + 101. What is the tens digit of r?
1
Let p(q) = 3*q - 4. Let z(l) = -l. Let b(j) = p(j) + 2*z(j). Let w be b(5). What is the units digit of 30/8 - w/(-4)?
4
Suppose -144 = -81*r + 78*r. What is the units digit of r?
8
Suppose m + 4*m = -35. Le